 o?
1
Suppose -2*a - 3*h + 340 = -0*h, 3*h = -3*a + 516. Let i be (-2 + -1 - 17)*-5. Let n be ((-24)/(-10))/(15/i). What is the highest common divisor of n and a?
16
Suppose -5*w - 4 = -14. Suppose -5 = m + 5*g, -w*m = 4*g + 3 - 11. Calculate the highest common factor of 4 and m.
2
Let l(s) = -16*s + 14. Let c be l(-7). Let j(y) = -12*y - 34. Let k be j(-4). What is the greatest common divisor of k and c?
14
Let p be (-4)/((-12)/(-1350)*-5). Calculate the greatest common factor of p and 120.
30
Let v = -2054 + 3326. What is the greatest common divisor of 12 and v?
12
Suppose 514*p - 512*p = 5*i - 194, -4*i = -4*p - 148. What is the greatest common divisor of 360 and i?
40
Let n be 966/70 - 1/(-5). Suppose 0 = -5*r - n + 84. What is the highest common divisor of r and 35?
7
Suppose 2*u - 40 - 48 = 0. Let v = 12 - 22. Let y be 3 - (2 - v/(-1)). What is the greatest common factor of u and y?
11
Let i = 114 + -112. Let y = 10 - 0. Calculate the highest common divisor of y and i.
2
Suppose 348 + 16 = 14*q. What is the greatest common divisor of q and 481?
13
Suppose -2 = 2*z - 6. Let o be (-14 + 79)*z/5. What is the greatest common factor of 286 and o?
26
Suppose -q + 1091 = 5*s, -9*s = -6*s + 3*q - 645. Calculate the highest common divisor of s and 3.
3
Let r be 1/((-28)/30 + 1). Let m = -34 + 34. Suppose 5*v + 4*z - 27 = m, -4*v + 15 = 2*z - 3. What is the greatest common factor of r and v?
3
Let i = 66 - 58. Suppose 115 = -i*o + 371. Calculate the highest common factor of o and 8.
8
Suppose -2*c + 4 = -2*y, y + 2*y = -4*c + 22. Let h be 863 + (-5)/(-5) - -4. Let s be h/((-16)/c)*-1. What is the highest common divisor of s and 31?
31
Suppose 3*x - 33 + 0 = 0. Let t = 177 - 166. Calculate the greatest common divisor of x and t.
11
Let g(p) = 5*p - 34. Let n(a) = -2*a**3 + 10*a**2 + a + 5. Let c be n(5). Let h be g(c). What is the greatest common factor of h and 80?
16
Let j(r) = -r + 9. Let z be j(-21). Suppose -3*c + k + 360 = 0, -2*c + 0*k - 4*k = -240. Suppose -h = 3*h - c. Calculate the greatest common factor of z and h.
30
Let h = 24 + -13. Let d(s) = -16*s + s**3 + 5 - 6*s**2 + h*s - 2. Let k be d(7). Calculate the greatest common divisor of k and 85.
17
Let z be (-48)/(-1)*(-2)/(-6). Let v be (-191)/(-7) + z/(-56). Let c = 278 - 197. Calculate the highest common divisor of c and v.
27
Suppose 2 = -3*l + 26. Suppose 433 + 791 = 6*p. Suppose -p = -4*x - 4*v, -4*x - 3*v + 79 + 130 = 0. What is the greatest common divisor of l and x?
8
Let s(a) = a**2 + 82*a - 54. Let j(f) = f**2 + 41*f - 27. Let i(o) = -5*j(o) + 3*s(o). Let n be i(18). What is the greatest common divisor of n and 7?
7
Let x = 202 + -112. Let r = x - 41. What is the greatest common divisor of 7 and r?
7
Suppose 5*i - 3*d = 64, -3*i - d + 0*d + 44 = 0. Suppose 4*p + 2 = i. Suppose 0*v = -p*v + 69. Calculate the highest common divisor of v and 207.
23
Suppose -28*p + 4046 = -11*p. Calculate the greatest common divisor of 70 and p.
14
Suppose 0 = -12*w + 4*w + 288. Suppose 0*i - 2*x - 10 = -2*i, 16 = 2*i + 4*x. What is the highest common divisor of w and i?
6
Let v(o) = 116*o - 566. Let a be v(5). Calculate the highest common divisor of 98 and a.
14
Suppose 8*y = 632 - 192. Suppose -3*x - 2*x + y = 0. Suppose 0 = 5*z + 5*t - 320, -2*z + 5*t + 39 = -103. What is the greatest common factor of x and z?
11
Suppose -2*c - 3*c - 164 = 3*u, 260 = -5*u + 5*c. Let q = -30 - u. Calculate the greatest common divisor of 69 and q.
23
Suppose 0 = -f - 3*q + 5 + 1, 66 = 4*f - 2*q. What is the highest common divisor of 1200 and f?
15
Suppose -s - 2*o = -6*o - 169, 10 = 2*o. Calculate the greatest common divisor of s and 7.
7
Let n = 156 - -224. What is the greatest common divisor of n and 20?
20
Suppose 8 = 4*a - 20. Let w be 6/(-9) + 51/9. Suppose w*j - b - 72 = 0, 0 = 2*j - 5*b + 4*b - 30. What is the greatest common factor of j and a?
7
Let w be (-48)/(-8) + 6/4*62. Calculate the highest common factor of 9 and w.
9
Let g be (-4 + -1)*44/(-10). Let z = g - 17. Suppose 4*w + z*o = 3*w - 21, -36 = -4*w + 4*o. What is the highest common divisor of 12 and w?
4
Let n = -3 - -3. Suppose -3*m + 36 = -n*m. Let q = m + -5. What is the greatest common divisor of q and 56?
7
Let g = -331 + 412. Calculate the greatest common divisor of g and 99.
9
Let h be (-130)/(-16) - (-14)/(-112). Suppose -2*i = -5*f + 352 - h, -f = i - 66. Calculate the highest common factor of 17 and f.
17
Let v = -9 + 3. Let u be (-3)/v - (-996)/8. Let y = u + -83. What is the greatest common factor of y and 28?
14
Let k(m) = 29*m + 4. Let u be k(4). Let p be 10/12*(-57 + 75). What is the greatest common divisor of p and u?
15
Let k be 0 - ((-40)/(-30))/(2/(-72)). What is the highest common factor of k and 216?
24
Suppose -2*c + 6*c = 1372. Suppose r = 236 + 2. Let k = c - r. Calculate the greatest common factor of 15 and k.
15
Let p = 7 + -10. Let d be p/(-2) + (-36)/8. Let a be 5 + -2 - (d - 21). What is the greatest common factor of 243 and a?
27
Suppose -2*s - 75 = -171. Suppose 3*j + 15 = 4*d, -3 = -2*d + 3*d - 3*j. Let v = 10 + d. Calculate the highest common divisor of v and s.
16
Let x(i) = 2*i**2 - 5*i + 5. Let f be x(2). Suppose 105 = f*u + 4*u. Let p = -149 + 269. What is the greatest common divisor of p and u?
15
Suppose 49 + 53 = -3*d. Let v = -13 - d. What is the greatest common divisor of v and 3?
3
Let f be (-4 + 6)/((-2)/(-5)). Suppose -60 = -f*d + 40. Let q(w) = w - 7. Let m be q(11). What is the greatest common divisor of d and m?
4
Let t = 7 + -4. Let y(g) = -t*g**3 + 68 - g**3 + 16 - 2*g + 3*g**3. Let m be y(0). What is the highest common factor of m and 12?
12
Let r(k) = -k**3 - k**2 + 22. Let h be r(0). Let l = 92 - -13. Let d be l/2 + 33/h. Calculate the highest common factor of 36 and d.
18
Suppose -4*o + 298 = o + 2*z, 5*o = -4*z + 296. What is the greatest common divisor of o and 36?
12
Suppose 19*w = 2016 - 344. Calculate the highest common divisor of 99 and w.
11
Suppose 0*g + 5*t = g - 415, -2*g + 3*t + 816 = 0. Calculate the highest common factor of g and 45.
45
Suppose 12*k - 14*k - 4 = 0. Let m be (k - (10 - 3))/(-1). Let n be (-2 - (-2)/4)*-66. What is the highest common factor of n and m?
9
Suppose 1056 = -9*y + 42*y. What is the greatest common divisor of y and 3136?
32
Let j = 5 + -3. Suppose -2*d + 18 = j*p, -3*d = 2*p - 0*p - 30. Suppose -15*k + 4*u = -65, 47*u = k + 44*u - 18. What is the greatest common divisor of d and k?
3
Let x = -261 - -293. Calculate the highest common factor of x and 240.
16
Let i = 1945 + -1594. What is the greatest common factor of 27 and i?
27
Suppose 14*u - 1032 + 192 = 0. What is the highest common divisor of 84 and u?
12
Let q(y) = -12*y + 2. Let b be q(-2). Let d = b + -24. What is the greatest common divisor of d and 3?
1
Let n be 7/(14/36) - (7 + -2). Calculate the greatest common divisor of 221 and n.
13
Let d = 7 - 15. Let a(x) = -x**2 - 8*x - 9. Let w be a(d). Let p = w - -12. Calculate the highest common divisor of p and 3.
3
Suppose 3*s - 3 = -0. Let f = -20 - -13. Let v = s - f. What is the greatest common divisor of v and 88?
8
Let q be 24/(-16)*(-34)/3. Let r(w) = 2*w - q*w + 11*w - 2. Let h be r(-2). What is the highest common divisor of h and 2?
2
Suppose -g + 29 = 5*q, -g = 3*g - 5*q + 9. Suppose -2*x = -5*z + 41, -2*x = g*z + 3*x - 46. What is the greatest common divisor of 27 and z?
9
Let r = 118 - 64. Suppose -2*b = -4*b + 8. Suppose -10 + b = -m. Calculate the greatest common factor of r and m.
6
Let f = -859 + 2157. What is the highest common factor of f and 22?
22
Let a(x) = -x**3 + 15*x**2 - 13*x + 8. Let o be a(14). Suppose -31 + 6 = 5*g. Let i = -3 - g. Calculate the highest common factor of i and o.
2
Suppose 0 = 3*x + 37 - 7. Let i = 6 + x. Let s be 1 - (3 + (-51 - i)). Calculate the highest common factor of s and 30.
15
Let w(n) = n**3 - 5*n**2 - 17*n + 33. Let h be w(7). Suppose 25 - 61 = -r. What is the greatest common factor of h and r?
12
Suppose 0 = 4*m + y + 33 - 149, -5*m = -5*y - 120. What is the greatest common factor of 35 and m?
7
Let c be (-62)/(-6) - 1/3. Suppose -3*b = -r - 103, 41 = b + r - 3*r. Suppose b*l = 28*l + 100. Calculate the greatest common divisor of c and l.
10
Suppose -3*f = 8*f - 605. What is the highest 